{"id":591,"date":"2022-12-05T22:28:01","date_gmt":"2022-12-05T22:28:01","guid":{"rendered":"https:\/\/smig.org.mx\/tienda\/?post_type=product&#038;p=591"},"modified":"2025-06-26T23:42:13","modified_gmt":"2025-06-26T23:42:13","slug":"temas-selectos-de-analisis-numerico-aplicados-a-la-ingenieria-geotecnica","status":"publish","type":"product","link":"https:\/\/smig.org.mx\/tienda\/producto\/temas-selectos-de-analisis-numerico-aplicados-a-la-ingenieria-geotecnica\/","title":{"rendered":"TEMAS SELECTOS DE AN\u00c1LISIS NUM\u00c9RICO APLICADOS A LA INGENIER\u00cdA GEOT\u00c9CNICA"},"content":{"rendered":"","protected":false},"excerpt":{"rendered":"<p><strong>TEMAS SELECTOS DE AN\u00c1LISIS NUM\u00c9RICO APLICADOS A LA INGENIER\u00cdA GEOT\u00c9CNICA.<\/strong><\/p>\n<p><strong>Coordinador:<\/strong> Rigoberto Rivera Constantino<\/p>\n","protected":false},"featured_media":592,"comment_status":"open","ping_status":"closed","template":"","meta":{"pagelayer_contact_templates":[],"_pagelayer_content":""},"product_brand":[],"product_cat":[16],"product_tag":[],"class_list":{"0":"post-591","1":"product","2":"type-product","3":"status-publish","4":"has-post-thumbnail","6":"product_cat-sin-categorizar","7":"product_shipping_class-envio-temas-selectos","9":"first","10":"instock","11":"shipping-taxable","12":"purchasable","13":"product-type-simple"},"_links":{"self":[{"href":"https:\/\/smig.org.mx\/tienda\/wp-json\/wp\/v2\/product\/591","targetHints":{"allow":["GET"]}}],"collection":[{"href":"https:\/\/smig.org.mx\/tienda\/wp-json\/wp\/v2\/product"}],"about":[{"href":"https:\/\/smig.org.mx\/tienda\/wp-json\/wp\/v2\/types\/product"}],"replies":[{"embeddable":true,"href":"https:\/\/smig.org.mx\/tienda\/wp-json\/wp\/v2\/comments?post=591"}],"wp:featuredmedia":[{"embeddable":true,"href":"https:\/\/smig.org.mx\/tienda\/wp-json\/wp\/v2\/media\/592"}],"wp:attachment":[{"href":"https:\/\/smig.org.mx\/tienda\/wp-json\/wp\/v2\/media?parent=591"}],"wp:term":[{"taxonomy":"product_brand","embeddable":true,"href":"https:\/\/smig.org.mx\/tienda\/wp-json\/wp\/v2\/product_brand?post=591"},{"taxonomy":"product_cat","embeddable":true,"href":"https:\/\/smig.org.mx\/tienda\/wp-json\/wp\/v2\/product_cat?post=591"},{"taxonomy":"product_tag","embeddable":true,"href":"https:\/\/smig.org.mx\/tienda\/wp-json\/wp\/v2\/product_tag?post=591"}],"curies":[{"name":"wp","href":"https:\/\/api.w.org\/{rel}","templated":true}]}}