{"id":292,"date":"2021-07-28T19:37:00","date_gmt":"2021-07-28T19:37:00","guid":{"rendered":"https:\/\/smig.org.mx\/tienda\/?post_type=product&#038;p=292"},"modified":"2021-08-13T16:04:20","modified_gmt":"2021-08-13T16:04:20","slug":"experiencias-geotecnicas-en-la-zona-poniente-del-valle-de-mexico","status":"publish","type":"product","link":"https:\/\/smig.org.mx\/tienda\/producto\/experiencias-geotecnicas-en-la-zona-poniente-del-valle-de-mexico\/","title":{"rendered":"EXPERIENCIAS GEOT\u00c9CNICAS EN LA ZONA PONIENTE DEL VALLE DE M\u00c9XICO"},"content":{"rendered":"<p><strong>EXPERIENCIAS GEOT\u00c9CNICAS EN LA ZONA PONIENTE DEL VALLE DE M\u00c9XICO<\/strong><\/p>\n<p>(1992)<\/p>\n","protected":false},"excerpt":{"rendered":"<p><strong>EXPERIENCIAS GEOT\u00c9CNICAS EN LA ZONA PONIENTE DEL VALLE DE M\u00c9XICO<\/strong><\/p>\n<p>(1992)<\/p>\n","protected":false},"featured_media":333,"comment_status":"open","ping_status":"closed","template":"","meta":{"pagelayer_contact_templates":[],"_pagelayer_content":""},"product_brand":[],"product_cat":[16],"product_tag":[],"class_list":{"0":"post-292","1":"product","2":"type-product","3":"status-publish","4":"has-post-thumbnail","6":"product_cat-sin-categorizar","8":"first","9":"instock","10":"shipping-taxable","11":"purchasable","12":"product-type-simple"},"_links":{"self":[{"href":"https:\/\/smig.org.mx\/tienda\/wp-json\/wp\/v2\/product\/292","targetHints":{"allow":["GET"]}}],"collection":[{"href":"https:\/\/smig.org.mx\/tienda\/wp-json\/wp\/v2\/product"}],"about":[{"href":"https:\/\/smig.org.mx\/tienda\/wp-json\/wp\/v2\/types\/product"}],"replies":[{"embeddable":true,"href":"https:\/\/smig.org.mx\/tienda\/wp-json\/wp\/v2\/comments?post=292"}],"wp:featuredmedia":[{"embeddable":true,"href":"https:\/\/smig.org.mx\/tienda\/wp-json\/wp\/v2\/media\/333"}],"wp:attachment":[{"href":"https:\/\/smig.org.mx\/tienda\/wp-json\/wp\/v2\/media?parent=292"}],"wp:term":[{"taxonomy":"product_brand","embeddable":true,"href":"https:\/\/smig.org.mx\/tienda\/wp-json\/wp\/v2\/product_brand?post=292"},{"taxonomy":"product_cat","embeddable":true,"href":"https:\/\/smig.org.mx\/tienda\/wp-json\/wp\/v2\/product_cat?post=292"},{"taxonomy":"product_tag","embeddable":true,"href":"https:\/\/smig.org.mx\/tienda\/wp-json\/wp\/v2\/product_tag?post=292"}],"curies":[{"name":"wp","href":"https:\/\/api.w.org\/{rel}","templated":true}]}}